mposite?
False
Is 526895 composite?
True
Is 2767 composite?
False
Is 1501597 composite?
False
Is 2746963 composite?
True
Is 553421 composite?
True
Is 476891 composite?
False
Is 25439 composite?
False
Is 3691 composite?
False
Is 10421 prime?
False
Is 143863 a composite number?
True
Is 228037 composite?
True
Is 18947 a composite number?
False
Is 559571 a prime number?
True
Is 28529 composite?
True
Is 407 prime?
False
Is 12637 a prime number?
True
Is 4771 prime?
False
Is 49481 a composite number?
False
Is 6637 a composite number?
False
Is 368689 a prime number?
True
Is 57503 a composite number?
False
Is 398477 composite?
False
Is 39397 composite?
False
Is 679 a composite number?
True
Is 59197 prime?
True
Is 165953 a composite number?
True
Is 98153 a prime number?
False
Is 340277 a prime number?
False
Is 25777 composite?
True
Is 377 a prime number?
False
Is 8402 a prime number?
False
Is 450311 a composite number?
False
Is 53255 composite?
True
Is 63703 a prime number?
True
Is 47777 a composite number?
False
Is 64969 composite?
False
Is 194593 a composite number?
True
Is 3719 a prime number?
True
Is 30713 a prime number?
True
Is 2063213 a composite number?
False
Is 38143 a prime number?
False
Is 1342963 composite?
False
Is 161617 composite?
True
Is 56247 a prime number?
False
Is 1204495 a composite number?
True
Is 5129 a prime number?
False
Is 577471 composite?
False
Is 133831 prime?
True
Is 1492607 a composite number?
False
Is 441557 composite?
False
Is 1207 a composite number?
True
Is 15209 prime?
False
Is 48437 a prime number?
True
Is 21509 a prime number?
False
Is 742127 a composite number?
False
Is 22007 a composite number?
True
Is 73673 composite?
False
Is 246901 a composite number?
True
Is 4439 a prime number?
False
Is 194843 a prime number?
False
Is 26947 prime?
True
Is 2189513 composite?
False
Is 42557 a prime number?
True
Is 26861 a prime number?
True
Is 8543 composite?
False
Is 10801 prime?
False
Is 5059 prime?
True
Is 122267 prime?
True
Is 464489 composite?
True
Is 4579 prime?
False
Is 12335 prime?
False
Is 506651 a prime number?
False
Is 32177 prime?
False
Is 661174 a prime number?
False
Is 443 composite?
False
Is 11209 a composite number?
True
Is 77557 a prime number?
True
Is 193423 prime?
True
Is 4861 prime?
True
Is 1061 a prime number?
True
Is 1056713 a prime number?
False
Is 294731 a prime number?
True
Is 563969 prime?
False
Is 101483 a composite number?
False
Is 353489 a prime number?
True
Is 35311 a prime number?
True
Is 274259 a composite number?
False
Is 851 a prime number?
False
Is 6373 a prime number?
True
Is 22459 prime?
False
Is 293113 composite?
True
Is 278 a composite number?
True
Is 735769 a composite number?
True
Is 141577 prime?
False
Is 877 a prime number?
True
Is 921667 a prime number?
True
Is 43391 a composite number?
False
Is 154613 a prime number?
True
Is 53987 composite?
False
Is 13229 a prime number?
True
Is 15451 composite?
False
Is 1165349 prime?
True
Is 453757 prime?
True
Is 3793 a composite number?
False
Is 94199 prime?
False
Is 744851 a prime number?
False
Is 205297 a composite number?
False
Is 2161943 prime?
False
Is 44393 composite?
True
Is 64769 a prime number?
False
Is 6521 a prime number?
True
Is 4099 composite?
False
Is 327917 a prime number?
True
Is 431539 composite?
True
Is 455393 a composite number?
False
Is 1151 a composite number?
False
Is 33445 composite?
True
Is 517637 a composite number?
False
Is 3940523 a composite number?
False
Is 13537 a composite number?
False
Is 326351 prime?
True
Is 151853 a prime number?
False
Is 907067 a composite number?
True
Is 1563 prime?
False
Is 1217809 a composite number?
False
Is 4861 composite?
False
Is 364237 a composite number?
True
Is 99307 a prime number?
False
Is 6615217 a composite number?
True
Is 295115 a prime number?
False
Is 445 prime?
False
Is 12587 a prime number?
False
Is 37039 a composite number?
False
Is 579178 a composite number?
True
Is 497143 prime?
False
Is 898 a composite number?
True
Is 321359 composite?
False
Is 4553 prime?
False
Is 1182409 prime?
False
Is 246151 prime?
True
Is 46135 prime?
False
Is 1007 prime?
False
Is 3203 a composite number?
False
Is 4897 prime?
False
Is 246283 composite?
True
Is 20017 prime?
False
Is 3881785 a prime number?
False
Is 7193 prime?
True
Is 18059 a prime number?
True
Is 94034 a composite number?
True
Is 662177 a prime number?
True
Is 10553 composite?
True
Is 23453 prime?
False
Is 90947 a prime number?
True
Is 1313201 composite?
True
Is 292427 a composite number?
False
Is 1494151 a composite number?
False
Is 8461 prime?
True
Is 171053 composite?
False
Is 73109 composite?
True
Is 1959137 a prime number?
False
Is 13649 prime?
True
Is 11657 a prime number?
True
Is 132689 a prime number?
True
Is 211213 prime?
True
Is 51734 a composite number?
True
Is 98927 a prime number?
True
Is 262303 composite?
False
Is 149 composite?
False
Is 1227 a prime number?
False
Is 1811 prime?
True
Is 22235 prime?
False
Is 835577 a prime number?
False
Is 78509 a composite number?
False
Is 13501 a prime number?
False
Is 11113 a composite number?
False
Is 37918 a prime number?
False
Is 2219 a composite number?
True
Is 2287 a prime number?
True
Is 92623 prime?
True
Is 15613 a prime number?
False
Is 22019 a prime number?
False
Is 3359 prime?
True
Is 400031 a prime number?
True
Is 456763 composite?
False
Is 123229 prime?
True
Is 67547 a composite number?
False
Is 29983 composite?
False
Is 291197 composite?
True
Is 8141 a prime number?
False
Is 38431 a prime number?
True
Is 91 composite?
True
Is 892481 a prime number?
True
Is 223087 a prime number?
True
Is 13154 prime?
False
Is 108713 a composite number?
True
Is 5545 a prime number?
False
Is 5731 prime?
False
Is 6218 composite?
True
Is 2237 composite?
False
Is 242057 prime?
True
Is 2099 a composite number?
False
Is 4661 prime?
False
Is 43841 a composite number?
True
Is 485 composite?
True
Is 167626 composite?
True
Is 19661 a prime number?
True
Is 62993 composite?
True
Is 305441 composite?
False
Is 163061 composite?
False
Is 743 composite?
False
Is 4609 prime?
False
Is 20941 a prime number?
False
Is 3613 composite?
False
Is 188351 composite?
False
Is 45905 a composite number?
True
Is 65057 a composite number?
True
Is 241771 composite?
False
Is 4211 composite?
False
Is 19289 a prime number?
True
Is 21251 prime?
False
Is 377869 a prime number?
False
Is 2121101 a composite number?
True
Is 885561 a prime number?
False
Is 101431 a prime number?
False
Is 8219 a composite number?
False
Is 385293 prime?
False
Is 6511 a composite number?
True
Is 5923 composite?
False
Is 3589 prime?
False
Is 20639 a composite number?
False
Is 223111 prime?
False
Is 88333 prime?
False
Is 65281 prime?
False
Is 13495 prime?
False
Is 8663 a composite number?
False
Is 17729 a prime number?
True
Is 121279 a prime number?
False
Is 610391 composite?
False
Is 86807 a composite number?
True
Is 371791 a composite number?
True
Is 24943 prime?
True
Is 42037 prime?
False
Is 828517 a prime number?
True
Is 12661 composite?
True
Is 254602 composite?
True
Is 735493 a prime number?
False
Is 576119 a prime number?
True
Is 17513 a prime number?
False
Is 7022 a prime number?
False
Is 51893 prime?
True
Is 763 composite?
True
Is 28199 composite?
True
Is 186863 a prime number?
False
Is 540751 a prime number?
True
Is 69 prime?
False
Is 18989 composite?
True
Is 54463 composite?
True
Is 250489 prime?
True
Is 7631 a prime number?
False
Is 2549869 composite?
True
Is 1485955 a composite number?
True
Is 765407 composite?
True
Is 16183 a prime number?
True
Is 41039 prime?
True
Is 529085 prime?
False
Is 50627 a prime number?
True
Is 55871 composite?
False
Is 51959 a prime number?
False
Is 48171 a composite number?
True
Is 12839 prime?
False
Is 80621 prime?
True
Is 14189 prime?
False
Is 15253 a composite number?
True
Is 635 prime?
False
Is 1143509 a composite number?
True
Is 338021 composite?
True
Is 6074 prime?
False
Is 6779 prime?
True
Is 670807 a prime number?
False
Is 17897 a prime number?
False
Is 885497 prime?
True
Is 45817 a composite number?
False
Is 270359 prime?
False
Is 1584083 a prime number?
True
Is 2719 a prime number?
True
Is 1415303 a composite number?
False
Is 58521 a prime number?
False
Is 638933 a prime number?
True
Is 26237 a c